(-1 - h)/(18/(-153)*1)?
15
Suppose 14905 = -14*y + 62*y - 3815. What is the remainder when y is divided by 79?
74
Suppose 271 = 5*x + 251. Suppose -x*n = -265 - 163. Calculate the remainder when n is divided by 27.
26
Let m(k) = -9*k - 150. Let r be (40/(-12))/((-24)/(-144)). What is the remainder when m(r) is divided by 8?
6
Let x = -1280 - -1433. What is the remainder when 422 is divided by x?
116
Let m = -6 + 6. Suppose 0*w - 5*w + 470 = m. What is the remainder when w is divided by (48/(-10)*1)/((-1388)/6940)?
22
Let v = -83 + 86. Suppose 6*b + v*b = 423. Let d(q) = 2*q + 8. What is the remainder when b is divided by d(-1)?
5
Suppose -k - 46 = -0*k + s, -s = -4*k - 209. What is the remainder when (-838)/(-8) - (4 - k/(-12)) is divided by ((-24)/10)/(2*(-3)/45)?
15
Let p = 585 + -336. Suppose 3256*k - 3363*k = -4494. Calculate the remainder when p is divided by k.
39
Suppose 5*v = 3*c - 278, -4*v + 3*c - 64 = 159. Let k = -12 - v. Calculate the remainder when 171 is divided by k.
42
Let q(c) = -c**3 - 14*c**2 - 14*c + 8. Let o be q(-13). What is the remainder when (-6)/o + 170/7 is divided by (26/1)/2 + 0?
11
Suppose 3*y + y + 5*b = 2233, 3*b - 3 = 0. Suppose -4*o - 6 = 2, -z + 4*o - y = 0. Calculate the remainder when (-4)/(100/z) - 4/(-10) is divided by 12.
11
Let s be 1 + 301 - (-6 + 2). Suppose -6*y + s = 66. Suppose -16*z + 98 = 9 - 7. Calculate the remainder when y is divided by z.
4
Suppose -w = 2*a + 1, 3*w = -2*a + 4 - 15. Suppose 3*r - 5 - 52 = -5*o, r + 14 = a*o. What is the remainder when o is divided by 5?
4
Let d be (6/(-9))/(147/(-72) + 2). Suppose -z = 4 - d. Calculate the remainder when z is divided by ((-1 + -9)*-1)/1.
2
Let o be (2/(-4))/((-79)/9164). Suppose o = 2*z - 2*l, 5*l = -2*z + 16 + 70. What is the remainder when 64 is divided by z?
31
Let c(t) = 7*t + 3. Let i(g) = -5*g - 262. What is the remainder when c(8) is divided by i(-56)?
5
Let s(d) = 2*d**3 - 26*d**2 - d + 14. Let y be s(13). What is the remainder when 269 is divided by (18 - 3) + y/1?
13
Let f = -2726 + 3284. What is the remainder when f is divided by 10?
8
Let z = -10 - -10. Suppose z*b + 147 = 3*b. Suppose 231*y - 227*y + 8*w = 40, 0 = 2*y + w - 44. Calculate the remainder when b is divided by y.
23
What is the remainder when 2916 is divided by (13287 - 13282) + (0 - 1)*(-189 + -1)?
186
Suppose 0 = -5*j + 3*f + 165, 0 = -5*j + 2*f + 193 - 23. Calculate the remainder when 156 is divided by j.
12
Suppose 153*o = 143*o + 1600. Let a = -111 + o. Calculate the remainder when 97 is divided by a.
48
Let f = 5 - 3. What is the remainder when (10/60)/((-10)/(-6780)) is divided by f/(-8)*2*-76?
37
Suppose 0 = -3*a + 5*d - 19, 0 = -a - 3*d + 6 + 11. Suppose a*s - 5*t = 473, -5*t = -0*s + 3*s - 647. Calculate the remainder when s is divided by 57.
53
Suppose 1 + 9 = r - 4*y, 5*r - 8 = -y. Suppose -2*d + 5*o + 185 = -30, -105 = -d + r*o. Suppose -5*v - d = -10*v. What is the remainder when 30 is divided by v?
11
Suppose 3*m - 2199 - 189 = 0. What is the remainder when m is divided by 7?
5
Let y be (-4)/(-10) - (-289696)/110. Let r = -1815 + y. What is the remainder when r is divided by 82?
81
Let y be (0 - (-4)/(-5))*-5. Suppose 3*z = 5*q - 79, -5*z + 0 = y*q + 70. Let v(t) = t**2 + 17*t + 21. What is the remainder when v(z) is divided by 6?
3
Let d = -9 + 2. Let h(b) = -5*b - 10. Suppose -5*i + 164*a + 772 = 161*a, -a = -3*i + 456. Calculate the remainder when i is divided by h(d).
24
Suppose -3*r - 1335 = 186. Let j = r - -693. Calculate the remainder when j is divided by 95.
91
Suppose 0 = -6*l - 19 + 49. Let n(v) = 6*v - 31. Let x be n(l). Calculate the remainder when 6*(x - 6/(-4))*47 is divided by 13.
11
Let h = -9 + 30. Let p(x) be the second derivative of -x**4/6 - 10*x**3/3 + 13*x**2/2 - 32*x. Calculate the remainder when h is divided by p(-10).
8
Let t(j) = -2*j**3 - 28*j**2 - 2*j + 7. Let b be (13 + 38/(-3))/((-2)/84). Calculate the remainder when t(b) is divided by 13.
9
Let c(k) = 6*k**3 - k**2 - 6*k - 17. Let v be c(-3). Calculate the remainder when 48 is divided by (-1598)/v + 6/10.
8
Let m(d) = -2*d**3 + 83*d**2 + 15*d - 133. Calculate the remainder when m(39) is divided by 26.
23
Let l(u) = -u**2 + 4*u + 2. Let j be l(0). Suppose 7*v - 3*v - 48 = 0. Calculate the remainder when 74/4*2 - j is divided by v.
11
Suppose -18*w - 26 - 10 = 0. Calculate the remainder when 596 is divided by 5/1 - (-46 + w + -7).
56
Let h = 36 - 19. Let u be (-1 + 20/12)/(4/(-30)). What is the remainder when h is divided by (6 + 2)/(-8)*(u - -1)?
1
Let w(i) = i**3 - 5*i**2 + 34*i - 118. What is the remainder when 34 is divided by w(4)?
0
Let d(b) = 2*b**2 - 32*b + 96. What is the remainder when 144/42*(-63)/(-6) is divided by d(13)?
0
Suppose -5075 = -37*j - 1745. What is the remainder when 4765 is divided by j?
85
Suppose 13*b - 10 = 107. Let k = 76 + 31. Calculate the remainder when k is divided by b.
8
Let a(p) = p**3 - 198*p**2 - 9*p + 2768. Calculate the remainder when a(198) is divided by ((-4)/(-6))/((-4)/(-78)).
11
Let d(i) = -2 - 3*i - 2*i**2 - i**3 - i**2 - 2*i**2. Let x = -2265 - -2258. Calculate the remainder when d(x) is divided by 17.
15
Let i(c) = -89*c. Let b(h) = h**3 + 15*h**2 - 34*h - 652. What is the remainder when i(-2) is divided by b(-14)?
18
Let u = -998 - -1871. What is the remainder when u is divided by 19?
18
Suppose 3*f + 2*n = -1, -n - 3 + 10 = 4*f. Suppose -1 = i, -4*b = -f*b - 3*i - 53. Calculate the remainder when b is divided by 27.
23
Calculate the remainder when 190 is divided by ((-2730)/(-84))/(15/12).
8
Let j be (168/(-21))/(-1 + 3). Suppose l - 3*p - 104 = -l, -2*l + 94 = 2*p. Calculate the remainder when l is divided by j/3*(-315)/30.
7
Let f(o) = o**2 + o - 4. Suppose -9*a - 3*a - 96 = 0. Calculate the remainder when ((-37)/(-2))/(62/a + 8) is divided by f(-6).
22
Suppose -4*m + 1282 - 1262 = 0. Suppose -2*q + m*i - 85 = -3*q, 0 = 5*q + 5*i - 405. Calculate the remainder when q is divided by 14.
10
Suppose -v = -4*b + 35, -15 = -3*v - 3*b - 75. What is the remainder when (-94)/(-2)*v/(-23) is divided by 10?
7
Suppose -u = -4*u + 15. Suppose 6 = 3*k, 10*i - 237 = u*i + 4*k. What is the remainder when 143 is divided by i?
45
Suppose y - 3*p = -3*y - 102, 0 = -p + 2. Let h(n) = -n**2 - 23*n + 31. Calculate the remainder when h(y) is divided by 2.
1
Suppose 27174*s = 27143*s + 1240. Calculate the remainder when s is divided by ((66/2)/3)/1.
7
Suppose 0 = -192*x + 276*x - 1596. What is the remainder when 4283 is divided by x?
8
Calculate the remainder when (1/4 + 9658/44)/((-6)/(-16)) is divided by 43.
27
Suppose -36*o + 28*o = -328. Suppose o*g - 38*g - 21 = 0. Calculate the remainder when 69 is divided by g.
6
What is the remainder when 137 is divided by (172/10 - 0)*(-95)/(-38)?
8
Let m = -3228 - -4332. Calculate the remainder when m is divided by 14.
12
What is the remainder when (8/(-10))/(2/(-220)) is divided by (-3429)/(-1905)*1*10?
16
Suppose 0 = -5*s + 25, 6*x - 3*x + 5*s - 121 = 0. Let n = 57 + 2. What is the remainder when n is divided by x?
27
Let j = 5139 - 5133. Calculate the remainder when 455 is divided by j.
5
Suppose 0 = 34*c - 30*c - 2*s - 158, c - 47 = -2*s. Suppose 0 = -7*h + 957 - 124. What is the remainder when h is divided by c?
37
Suppose 543*r = 538*r + 10, 5*g - 145133 = -4*r. Calculate the remainder when g is divided by 123.
120
Suppose -20*b + 28*b - 116440 = -74*b. Calculate the remainder when b is divided by 27.
16
Suppose 3*d = 2*w + 9905, 3*d + 4*w = 7*d - 13204. Calculate the remainder when d is divided by 36.
27
Suppose 215*v + 15390 = 233*v. Calculate the remainder when v is divided by 39.
36
Suppose -4*v + 54 + 2 = 0. Let w = -10975 - -11011. What is the remainder when w is divided by v?
8
Suppose -159*l + 1053 = -16119. What is the remainder when 250 is divided by l?
34
Let j = -95 - -97. Let p be (-5 - -10)/(2*j/(-4740)). What is the remainder when (-2)/(-1)*p/(-50) is divided by 60?
57
Let d(n) = -n**2 - 61*n - 245. What is the remainder when 528 is divided by d(-8)?
170
Let y be (-5 - -15)*(-1)/(-2). Suppose y*n + 8 = -2*w + n, -3*n = 0. Calculate the remainder when 21 is divided by (-2 + (-6)/w)/(1/(-24)).
9
Let u(b) = b**2 - 33*b + 122. Let n be u(23). Let r be -139 - 2 - 0 - 2. Let o = n 